isor of x and c.
23
Suppose 180*u = 192*u - 48. Calculate the highest common divisor of 33 and u.
1
Suppose 338 = 2*l + 320. What is the greatest common factor of 23967 and l?
9
Suppose -40*t = -3261 + 621. Calculate the greatest common factor of t and 7194.
66
Let a be 30*(-17 - 606/(-18)). Calculate the highest common factor of a and 220.
20
Let u(k) = 7*k - 13. Suppose 11*n + 32 = 19*n. Suppose 15 = 4*p + p, -2*a - n*p = -20. Let t be u(a). What is the highest common factor of t and 3?
3
Let u = -15212 - -24177. Calculate the highest common factor of u and 440.
55
Let o(u) = 126*u + 2523. Let r be o(-20). Let v(t) be the first derivative of t**2/2 - 2. Let d be v(1). Calculate the greatest common divisor of d and r.
1
Let i(s) = 3*s**2 - 19*s + 30. Let v be i(10). Suppose 25*l = 610 + v. Let y = -438 - -648. What is the highest common factor of l and y?
30
Let f(x) = 2*x**3 - 47*x**2 + 275*x + 30. Let v be f(11). Calculate the highest common divisor of 246 and v.
6
Let s be (-4)/((-11)/(54 + -10)). What is the greatest common divisor of 112 and s?
16
Let g be 7*-58*1/2. Let h = 215 + 105. Let w = g + h. Calculate the greatest common factor of w and 13.
13
Suppose 47*f = 51*f - 144. Calculate the highest common factor of 2172 and f.
12
Let b = -4964 + 4990. What is the highest common factor of 122 and b?
2
Let t be -65 + 84 + (-61034)/(-1). What is the highest common divisor of t and 141?
141
Suppose -96*a + 101*a = 25. Suppose 0 = a*z - 4*n + 683 + 1130, 4*z - 2*n + 1448 = 0. Let r = -97 - z. What is the highest common divisor of 24 and r?
24
Suppose 0 = -2*k + h + 1754 + 1045, 1401 = k + h. Calculate the highest common factor of 1512 and k.
56
Let f = 4800 + -4765. Calculate the highest common factor of f and 42.
7
Suppose x + 256 = 2*w, 5*w + 116 - 886 = 3*x. Let o be x/8*4/(-5). Let y be (-381)/(-6) + (-6)/(-4). What is the highest common divisor of o and y?
13
Suppose 5*a = m + 9 + 1, 6 = 3*m + 3*a. Suppose 30*z - 17*z - 1053 = m. What is the greatest common factor of z and 36?
9
Suppose -10*f - 5603 = -27563. Calculate the greatest common factor of 1008 and f.
36
Suppose 330*l + 30636 + 7108 = 1004*l. Calculate the highest common factor of l and 172.
4
Suppose 171 = 5*y - 69. Suppose 11*r - 7*r - y = 0. Suppose 2*z + b - r = -3*b, -2*b + 18 = 3*z. Calculate the highest common divisor of z and 2.
2
Let l = 1636 - 1623. Calculate the greatest common factor of l and 1391.
13
Let y be (-2850)/(-4) - 4/(-8). Let t = 5083 + -5052. What is the greatest common divisor of t and y?
31
Let l be (6/(-9))/(8/84)*-6. Suppose q + 5*y = 36, -7*q - 5*y - l = -9*q. Let i(s) = -288*s - 2. Let t be i(-1). What is the highest common factor of t and q?
26
Suppose 126*w = 5*q + 128*w - 92, -6 = -w. What is the greatest common divisor of 284 and q?
4
Let k(o) = -453*o - 3490. Let n be k(-8). What is the highest common factor of n and 67?
67
Let l(i) = -2*i**3 - 3*i**2 + 1. Let x be l(-3). Let h = -305 + 313. Suppose -h = c - 50. Calculate the highest common divisor of c and x.
14
Suppose -2*s + 1472 = -3*i, 722 = 61*s - 60*s - 5*i. Calculate the greatest common divisor of s and 530.
106
Let v = -20 + -2. Let y be ((-4)/2)/(4/v). Suppose -o + 377 = 4*g - 24, -4*g + 5*o = -371. What is the highest common factor of g and y?
11
Suppose 1441*m - 1472*m + 155 = 0. What is the highest common divisor of m and 1165?
5
Suppose 29 - 107 = -0*y - 3*y. Calculate the highest common divisor of 7319 and y.
13
Let o = 3638 - 865. What is the highest common divisor of 118 and o?
59
Suppose 6*k - 327 - 915 = 0. Calculate the greatest common factor of k and 72.
9
Let c be (2 + 6 - 4) + -6. Let v be c/((-1)/(-2) + 232/(-448)). What is the greatest common divisor of v and 70?
14
Suppose -z - 2*l = -10, -3*z + 38*l = 40*l - 14. Let g be (3/z)/((-29)/(-754)). What is the highest common factor of g and 39?
39
Suppose -k - 614*x = -615*x - 616, -k + 600 = 3*x. What is the highest common factor of k and 2091?
51
Let y = 896 + -536. Suppose -328 + y = 4*v. What is the greatest common divisor of 200 and v?
8
Let y(n) = -25*n + 821. Let x be y(28). Calculate the highest common divisor of x and 11.
11
Let i be (1 + 0/(-1) - 224/64)*-6. Calculate the highest common divisor of i and 54.
3
Suppose 0 = -2*k + 49 + 35. Let o be 6522/k - 4/14. Suppose 10 = 5*x, -5*x + 196 = -12*z + 15*z. Calculate the highest common divisor of z and o.
31
Suppose 503 = -9*w + 1547. Let c = 118 - w. What is the highest common factor of 8 and c?
2
Let n(r) = -16*r + 263. Let v be n(-9). Suppose 38*b - 277 - v = 0. What is the greatest common divisor of b and 36?
18
Let d = -224 + 107. Let l = 86 + -85. Let m be 15/(-13) + l - 2241/d. What is the greatest common factor of m and 19?
19
Let a(h) = h**3 + 11*h**2 + 7*h - 23. Suppose -24 = 2*k - 4. Let f be a(k). Calculate the highest common divisor of f and 175.
7
Let h be -2*2*(9 + -33). What is the greatest common factor of 88 and h?
8
Let q(c) = -24*c - 532. Let x be q(-29). What is the highest common factor of 1353 and x?
41
Suppose 7*w - 104 + 76 = 0. Suppose 0*d + 4 = 2*d + w*c, d - 4*c = 14. Calculate the greatest common factor of d and 258.
6
Suppose -2516 - 856 = -5*w - 3*q, -5*q - 5 = 0. Let p be (1 - (8 - -2)) + 86 + 4 - 0. What is the greatest common factor of w and p?
27
Let w = -13491 - -14553. Calculate the greatest common divisor of 14514 and w.
354
Suppose -63 + 15 = -12*l. Suppose 3*j - 57 = -3*h, -l*h + 2*j = -49 - 33. What is the greatest common divisor of 130 and h?
10
Suppose -3*z = 3*v, 4*v = 9*z - 10*z + 18. What is the highest common divisor of 1272 and v?
6
Let j(g) = 46*g**3 + g**2 + g - 1. Let h be j(1). Let n(k) = 1199*k + 31973. Let p be n(-26). Calculate the greatest common factor of h and p.
47
Let t(v) = -100*v**2 + 2. Let h be t(1). Let o be (1/4*2)/((-7)/h). Let b be 4752/28 - (-2)/o. What is the highest common divisor of b and 68?
34
Let w(h) = -12*h - 7. Suppose 2*i = -c + i, 5*i + 15 = 0. Let x be w(c). Let r = x - -55. What is the highest common divisor of r and 84?
12
Let u(j) = -35*j - 54. Let g be u(-2). What is the greatest common factor of 1648 and g?
16
Let g = -112 - -194. Let f = 197 - g. Calculate the highest common factor of 138 and f.
23
Let v be 10/30 + (-160)/(-6). Let k(l) = l**2 - 2*l + 8. Let r be k(5). Suppose 18*m + 1485 = r*m. Calculate the highest common factor of v and m.
27
Let o(c) be the first derivative of 5*c**3/3 - 2*c**2 - 25*c - 39. Let r be o(-4). Calculate the highest common divisor of 71 and r.
71
Let q be (-3)/(3/(-268)) + (-4)/1. Suppose -263*l + q*l - 12 = 0. What is the greatest common divisor of 18 and l?
6
Let m be (-6)/(-4) + -1 + 2275/14. Suppose -4*l + 5*w + 0*w + m = 0, 2*w = 3*l - 124. Calculate the highest common factor of 12 and l.
6
Suppose -68*n = -37005 + 2937. What is the highest common factor of n and 5845?
167
Suppose -2*x = 3*x - 2*z - 137, -3*x + 95 = 2*z. Suppose w + 111 = 4*n, -5*n + 326 = -5*w + 206. Calculate the greatest common factor of n and x.
29
Let i be 297 + 1 + 2/(-1). Let f = 73376 + -73368. What is the highest common divisor of i and f?
8
Suppose -2*j + 3*c + 16 = 0, 3*j = j - 3*c + 16. Let m(n) = 61*n + 12. Let g be m(j). Calculate the highest common divisor of 40 and g.
20
Suppose 0 = -4*r + 314 + 882. Let a = -21731 + 21744. What is the highest common factor of r and a?
13
Let x be 25*(20 - (-1 - -81)/8). Calculate the highest common divisor of x and 2.
2
Let c be ((-4)/10)/((-48)/240) - -349. Let v(y) = y**2 + 2*y - 2. Let z be v(-5). Calculate the highest common factor of z and c.
13
Suppose 25*l + 1481 = 35*l - 419. What is the greatest common divisor of 170 and l?
10
Let i(x) = -4*x - 32. Let m be i(-10). Suppose 243 = m*u + u. Suppose r + 4*l - 209 = 0, -3*l = -7*l + 20. Calculate the greatest common factor of r and u.
27
Let n(i) = 2*i**3 - 3*i**2 + 23*i - 68. Let h be n(3). Calculate the highest common divisor of h and 12992.
28
Let i(w) = 58*w - 2284. Let o be i(42). Calculate the greatest common divisor of o and 1292.
76
Let o(f) = 3*f**2 - 82*f - 587. Let g be o(-6). Calculate the highest common divisor of g and 15223.
13
Suppose 219 = 5*p - 41. Suppose 0 = -p*l + 56*l - 12. Let h be 11 + (2 + 3 - l). What is the greatest common divisor of h and 